what is -12 - -515415?
515403
In base 15, what is 3e + 2b5001?
2b5040
In base 4, what is -13 - -200221300201?
200221300122
In base 6, what is -3224455 + 1443?
-3223012
In base 8, what is 53552243 - -5?
53552250
In base 15, what is -21 - -6cb?
6aa
In base 9, what is -186414 - 3703?
-201217
In base 8, what is -17 - 6402733?
-6402752
In base 16, what is 27 - 16af1c?
-16aef5
In base 7, what is -1362231563 - -4?
-1362231556
In base 2, what is 1111100100010100 - -101011101?
1111101001110001
In base 10, what is 124755 - 5684?
119071
In base 13, what is 109cb - 400?
105cb
In base 5, what is 134212 + -2334?
131323
In base 5, what is -133344 - -143231?
4332
In base 7, what is 4031050 + 1?
4031051
In base 13, what is 5 + 4539c5?
4539ca
In base 8, what is 6 - -43641534?
43641542
In base 8, what is -5345440 - -23?
-5345415
In base 12, what is -23923a58 + -2?
-23923a5a
In base 2, what is -101111010 + -110001101011001010?
-110001110001000100
In base 9, what is 215 - -405524?
405740
In base 11, what is 3 - -3441a100?
3441a103
In base 3, what is -2 - 11222221022100120?
-11222221022100122
In base 5, what is 140120241 + -2320?
140112421
In base 15, what is -2e2b + 6b?
-2db0
In base 7, what is 0 + -16061600?
-16061600
In base 9, what is -64 - -1423832?
1423757
In base 16, what is 2d7379 - 65?
2d7314
In base 7, what is -25425651 - -500?
-25425151
In base 15, what is -8e81 - -175?
-8d0b
In base 2, what is -111110100 - 100101111111000010101?
-100110000000000001001
In base 4, what is 233313 - -1130132?
2030111
In base 8, what is -10 - 3242600?
-3242610
In base 14, what is 5 + -1012a24?
-1012a1d
In base 7, what is 3 - -23314250?
23314253
In base 8, what is -3 + 1454736413?
1454736410
In base 13, what is 20093479 + 1?
2009347a
In base 11, what is 61059952 + -5?
61059948
In base 7, what is 116511 + -4166?
112312
In base 11, what is -15 - -6a2621?
6a2607
In base 3, what is -22222020 + 22211221?
-10022
In base 12, what is 37b8 + -1350?
2468
In base 8, what is -12226476 - 1?
-12226477
In base 4, what is -3 + -2130021232?
-2130021301
In base 4, what is 230312222221113 + 2?
230312222221121
In base 6, what is 102243 + 5154?
111441
In base 5, what is 441334 - -1211?
443100
In base 12, what is 3 + -1a8ba282?
-1a8ba27b
In base 12, what is -333b5 - -30?
-33385
In base 12, what is 3ab + 3681?
3a70
In base 14, what is 3 - -a3a7484?
a3a7487
In base 8, what is 125540 - 1242?
124276
In base 16, what is 142 + b725?
b867
In base 2, what is -11101010111001010100 + -1?
-11101010111001010101
In base 13, what is -b1914 - -2c?
-b18b5
In base 8, what is -2632122 + -255?
-2632377
In base 6, what is -5 - -1102132?
1102123
In base 5, what is -22 - -12100441101?
12100441024
In base 9, what is 18 + 45166203?
45166222
In base 13, what is -10958 + -665?
-112c0
In base 14, what is 3a3 - da98?
-d6d5
In base 6, what is 44433452 - -15?
44433511
In base 15, what is 201 - -1a85?
1c86
In base 16, what is -1 + -dcc9f0?
-dcc9f1
In base 16, what is 8a20 + 1084?
9aa4
In base 4, what is -11 - -21002231023?
21002231012
In base 2, what is 10001110101111100011010111 - 0?
10001110101111100011010111
In base 15, what is -313408b + -c?
-3134098
In base 2, what is -11111101001 + 101101100000010?
101001100011001
In base 6, what is 14025302 - -30?
14025332
In base 2, what is 110111001 - -110110100001?
111101011010
In base 6, what is -433 - -221523?
221050
In base 4, what is -1020 + -11332102020?
-11332103100
In base 14, what is -a03 + 30a1?
249c
In base 11, what is -3a09778 + -4?
-3a09781
In base 14, what is d3905 - 15?
d38d0
In base 2, what is 110 + 10101110011110100010010010?
10101110011110100010011000
In base 9, what is 6433 + 12713?
20246
In base 14, what is 1775a72 - 5?
1775a6b
In base 12, what is -1b05 - 286a5?
-2a5aa
In base 7, what is -502042 + -5006?
-510051
In base 5, what is -141124001 + 1301?
-141122200
In base 16, what is -1b195 - 2?
-1b197
In base 8, what is -421613 - -4253?
-415340
In base 13, what is -3c7359 + 20?
-3c7339
In base 12, what is -1173 + -3849?
-4a00
In base 10, what is 8350261 - -4?
8350265
In base 6, what is 5224410 - -51?
5224501
In base 15, what is -77 + -15a2b?
-15aa3
In base 7, what is -45641 + -553?
-46524
In base 10, what is 4318 - -15130?
19448
In base 14, what is -42 + -6631a1?
-663203
In base 7, what is -2 - -21422516?
21422514
In base 6, what is -3501404355 + 20?
-3501404335
In base 5, what is -2 + -303330040220?
-303330040222
In base 13, what is 8a1 + -487b?
-3caa
In base 10, what is -217219715 + -6?
-217219721
In base 16, what is 13052 - 77f?
128d3
In base 5, what is -2 + -231100332214?
-231100332221
In base 13, what is -2c1 - -931?
640
In base 16, what is -4 + -118cfc9?
-118cfcd
In base 10, what is 1979496 - 7?
1979489
In base 15, what is 36 + -28cdd9?
-28cda3
In base 13, what is -3b3 - -244a9?
240c6
In base 16, what is -19b50 - -3a3?
-197ad
In base 14, what is -3 - 671c08?
-671c0b
In base 13, what is -65b489b - 3?
-65b48a1
In base 11, what is 29a4533 - 6?
29a4528
In base 7, what is 663653 - 523?
663130
In base 8, what is -5 - -162432767?
162432762
In base 7, what is -656004615 - -4?
-656004611
In base 13, what is 27236 - -2?
27238
In base 14, what is -1c77 - -347?
-1930
In base 8, what is 162620127 + -5?
162620122
In base 4, what is 1 - 12222113133?
-12222113132
In base 4, what is 112 + -101330121021?
-101330120303
In base 11, what is -471 - 28921?
-29292
In base 13, what is -5 - a9a83b?
-a9a843
In base 11, what is 2677311 + -13?
26772a9
In base 10, what is 6 - -29237498?
29237504
In base 15, what is 14281b - 1?
14281a
In base 4, what is -10 + -323013212023?
-323013212033
In base 9, what is 1712008211 - 2?
1712008208
In base 2, what is -100100110110011000 - -111011?
-100100110101011101
In base 4, what is -20221011 + -3022?
-20230033
In base 15, what is -4 - 10604dc?
-10604e1
In base 2, what is 1011 + 101010111000001111101111110?
101010111000001111110001001
In base 5, what is 4 + 313332110104?
313332110113
In base 13, what is -126c236 - 3?
-126c239
In base 12, what is -50904a - 42?
-509090
In base 5, what is -12 + -11013042134?
-11013042201
In base 5, what is 4332412 + 1004?
4333421
In base 7, what is -102 + 262321?
262216
In base 2, what is -1000001001001100110 - 1001?
-1000001001001101111
In base 5, what is 11344 + -121240?
-104341
In base 3, what is 10102221221110210 + -1?
10102221221110202
In base 12, what is -43499 - 7991?
-4b26a
In base 11, what is -105 - 160752?
-160857
In base 3, what is -1222212202110 - 222200?
-1222220202010
In base 6, what is -15 - 53004105?
-53004124
In base 10, what is 7832 + -9023?
-1191
In base 12, what is -4 - -ba37168?
ba37164
In base 13, what is 1c63b9a + 2?
1c63b9c
In base 2, what is -10001100010111011000110101 - 1101?
-10001100010111011001000010
In base 10, what is 2962709 + -2?
2962707
In base 3, what is -12 + 1122012112001211?
1122012112001122
In base 5, what is -103130212204 - -22?
-103130212132
In base 16, what is 48f - 21c?
273
In base 15, what is d + ba006?
ba014
In base 16, what is -3fc889 - -2b?
-3fc85e
In base 16, what is -179142 + 4?
-17913e
In base 5, what is -223 - 201032003?
-201032231
In base 15, what is -4b6962 + -1?
-4b6963
In base 15, what is -164 + -d0ddb?
-d1050
In base 9, what is -5 + 4450885?
4450880
In base 6, what is -4543 - -31011321?
31002334
In base 12, what is -3a8461 - -8?
-3a8455
In base 4, what is 1111132 + 1202311?
2320103
In base 7, what is 12 - 66326020?
-66326005
In base 10, what is -67662 + -18369?
-86031
In base 3, what is 11000010 - 12200020000?
-12112012220
In base 15, what is d94021 - 4?
d9401c
In base 14, what is -1d0 + 14bd?
12cd
In base 15, what is 4a2 - 917b0?
-9130d
In base 4, what is -103300103203 - -3?
-103300103200
In base 9, what is 2 - 4158708?
-4158706
In base 8, what is 335050000 - 1?
335047777
In base 12, what is -8 - 100b169?
-100b175
In base 5, what is -143 + 42411204?
42411011
In base 15, what is ea4d0b - 3?
ea4d08
In base 10, what is -4861172 - -102?
-4861070
In base 11, what is 2249 + 32454?
346a2
In base 12, what is -1a08bb7 + 28?
-1a08b8b
In base 8, what is -644 - 2753125?
-2753771
In base 13, what is 8114c3 - -1?
8114c4
In base 14, what is 86 + 3cd44b?
3cd4d3
In base 12, what is 47436 + 18a?
47604
In base 14, what is -48a278d + -2?
-48a2791
In base 15, what is -12 + 3c2d713?
3c2